4625 + -14229. What is the highest common factor of l and 126?
18
Let i(t) = 4*t**2 + 5*t + 375. Let y be i(0). Calculate the highest common divisor of 1200 and y.
75
Let j(o) = 83*o + 1084. Let a be j(-8). What is the highest common divisor of 4305 and a?
105
Suppose -5*w - 3*n = -109 + 12, -5*w + 3*n + 103 = 0. Let q = 42 - 53. Let m = q + w. What is the greatest common factor of 27 and m?
9
Suppose 15 = -3*l, 305 = 5*v - 3*l - 2*l. Let x be ((-10)/(-15) - (-4)/12) + 197. Let c = -114 + x. What is the highest common factor of c and v?
28
Let d be (-8 - -2)*-48*(-1 + 3). What is the greatest common factor of 64 and d?
64
Suppose 0 = -3*m + 1467 - 171. Suppose -6*i - 29*i + 212 = -733. What is the greatest common divisor of i and m?
27
Suppose -477*h - 242003 = -300721 - 1353202. Calculate the greatest common divisor of 320 and h.
80
Let b(d) = 3. Let u(s) = -s - 4. Let v(r) = 6*b(r) + 5*u(r). Let h be v(4). Let f = h + 42. Calculate the highest common divisor of 60 and f.
20
Let y = 144 - 129. Suppose -5*h - w = -35, -w = h + w - 16. What is the highest common divisor of h and y?
3
Let d(r) = -3*r + 42. Let i(o) = 4*o - 62. Let h(t) = -7*d(t) - 5*i(t). Let p be h(-8). What is the highest common factor of p and 76?
4
Suppose 0 = -4*q - 75 + 83. Suppose 2*j - q*i = 508, 251 = j - 8*i + 4*i. What is the greatest common divisor of 45 and j?
15
Let q = -11875 + 11966. What is the greatest common divisor of 208 and q?
13
Suppose 62*p - 291 - 453 = 0. What is the greatest common factor of p and 564?
12
Let a(h) = -h**3 - 21*h**2 - 19*h - 28. Let t be a(-21). Let n = 449 - t. What is the greatest common divisor of n and 12?
6
Let p = 165 + -154. Let d(h) = -h**2 + 22*h + 1. Let g be d(10). What is the highest common factor of p and g?
11
Let d be (-12)/21 - 35/(1470/(-4392)). What is the greatest common divisor of d and 2860?
52
Let u be (3/(-9))/(-1*5/75). Suppose 9*o - 5*w - 1089 = 5*o, -u*w + 241 = o. Let p = -70 - -108. Calculate the greatest common divisor of o and p.
38
Suppose 960 - 270 = 3*d. Suppose -a - 2*a + 3*c + 171 = 0, 3*c + d = 4*a. What is the greatest common divisor of a and 295?
59
Let m = -25882 + 43575. What is the highest common divisor of m and 13?
13
Suppose 149 = 3*q - 133. Suppose -41 = -v + i - 8, -3*v = -2*i - q. Let a(w) = 2*w - 5. Let z be a(6). Calculate the greatest common factor of z and v.
7
Suppose -241953 = -117*p - 71419 + 188188. Calculate the greatest common factor of p and 28.
14
Suppose -744 = -5*l + 3*z, 549 = 3*l - 4*z + 96. Let y(p) = -p**3 + 17*p**2 + 4*p - 47. Let b be y(17). What is the highest common divisor of b and l?
21
Let u = -17 + 17. Suppose 0 = -q - w - 0*w + 193, u = 2*q + 5*w - 389. Suppose 336 = -15*v + 29*v. What is the greatest common factor of v and q?
24
Let k(m) be the first derivative of -111*m**2/2 + m + 85. Let g be k(-1). What is the greatest common factor of 56 and g?
56
Let q(h) = 111*h + 2. Let v be q(2). Suppose 0 = 3*j + 4*c + 101 - 86, 4*j - 2*c = 46. What is the highest common factor of v and j?
7
Let a(p) = 6*p - 7. Let j be a(7). Suppose 3*k = d + 26, 0 = -6*d + 5*d - 5. What is the greatest common factor of k and j?
7
Let a be 1232/28 + 1*-4. Suppose 9*l - 12*l + 15 = 0. What is the highest common factor of a and l?
5
Suppose 4*i - 18237 = 25*a - 20*a, 0 = -2*i + 4*a + 9126. What is the greatest common factor of i and 29?
29
Let j(s) = 59*s**2 + 36*s + 53. Let y be j(8). Calculate the highest common divisor of 895 and y.
179
Suppose 3*d - 1009 = -2*z + 7663, 0 = -5*d - 20. Calculate the greatest common factor of 13 and z.
13
Let x(m) = 28*m**2 - 4 + 9*m - 20*m**2 - 4*m**2. Let d be x(4). What is the greatest common factor of 144 and d?
48
Let f = 6798 + -6754. Let q = 10 - 10. Suppose 5*h - 1169 - 811 = q. What is the highest common factor of f and h?
44
Suppose -2*t - 5*c = -415, -474*t - 3*c - 1053 = -479*t. What is the highest common factor of t and 525?
105
Let j = -2984 + 3089. Let l be ((-28)/(-6))/(34/153). What is the greatest common factor of l and j?
21
Let x(q) = -q**3 - 8*q**2 - q + 4. Let m be x(-8). Let w(r) = 5*r**2 + 85*r - 103. Let h be w(-19). Calculate the greatest common factor of h and m.
3
Let j = -15161 + 30324. What is the highest common factor of 257 and j?
257
Suppose -4*q - 5*d = -243, -4*q + d = -140 - 133. Suppose -70*b + 54 = -q*b. Calculate the greatest common divisor of b and 2.
2
Let l(b) = -2*b**3 + 14*b**2 + 18*b - 10. Suppose 0 = -3*y + 3*r + 27, -2*r = -0*y + 2*y - 14. Let i be l(y). What is the greatest common factor of 15 and i?
3
Let q(t) = -t**2 - 5*t + 603. Let d be q(0). Calculate the highest common factor of d and 45.
9
Suppose -5*z + 20 = 0, 2*n + n - z = -136. Let j = n + 72. Let x = 16 + -12. Calculate the highest common factor of x and j.
4
Let u = -18 + 15. Let b = -205 + 313. Let f = b + u. Calculate the greatest common factor of 63 and f.
21
Suppose 5214 = 22*z - 6*z - 2674. What is the highest common factor of z and 1392?
29
Let h be (79 - (8 - -6))/(((-3)/(-5))/3). Calculate the greatest common factor of 575 and h.
25
Suppose -13 + 17 = m. Suppose -i + 3*w = 4, -m*w + 8 = -2*w. Let v be 35/(-10)*(-8)/14*2. Calculate the greatest common factor of i and v.
4
Suppose -h - 12 = p + 40, 2*p + 80 = 4*h. Let i = p - -50. Suppose -i*n - 64 = -a + n, 220 = 5*a + 5*n. Calculate the greatest common factor of a and 7.
7
Let g(p) = -69*p + 1968. Let a be g(28). What is the greatest common factor of a and 380?
4
Suppose 6*o - 38 = -74. Let s be 8/o - 7836/(-18). Calculate the highest common factor of s and 42.
14
Suppose 2*h + 62 = -2*u, 164 = -3*h - u + 69. Suppose 0 = -c + 2*c - 12. Let q = c - h. What is the greatest common factor of q and 110?
22
Let a(x) = -x**3 - 485*x - 1468. Let t be a(-3). Let b be 7*5*536/20. What is the greatest common divisor of t and b?
14
Let g be 10/60 + (-118)/(-12). Suppose -m = 4*m + g, -5*l - m = 2. Suppose 3*o + 3*o - 156 = l. What is the highest common divisor of o and 234?
26
Let f(t) = 42*t. Let m be f(4). Let j = 52106 - 52085. Calculate the greatest common factor of j and m.
21
Let x(t) = 8*t**2 + 23*t + 44. Let a be x(12). Calculate the greatest common divisor of 32 and a.
32
Suppose 94 = 2*a - 5*o, -5*o - 2904 = -a - 2872. Let m = -49 + 173. Calculate the greatest common factor of a and m.
62
Let j = -111 - -116. Let n be (-250)/j*(-12)/15. Calculate the greatest common divisor of n and 70.
10
Suppose -5*h + 4*r = -84, h - 5*r - 5 = 16. Suppose 124494 - 133024 - 278750 = -665*l. What is the highest common divisor of h and l?
16
Let u = 6 - -75. Let i be 88/72 - 1 - 644/(-18). Calculate the highest common divisor of u and i.
9
Suppose -c = 2*r - 316, -5*r + 820 = 2*c + 29. Suppose -16*k = -14*k - 648. Let n = k - r. What is the highest common factor of n and 33?
33
Let b(g) = -17*g**3 + 5*g**2 + 4*g - 1. Let h(r) = 11*r - 78. Let x be h(7). Let o be b(x). Calculate the highest common divisor of 136 and o.
17
Let s(z) = 3*z + 11. Let l be s(-2). Suppose -l*b = -20 - 40. What is the highest common factor of 156 and b?
12
Suppose -240 = -3*o + b, 2*b - 80 = 2*o - 3*o. Let v be 4/20*10*11. Suppose v*p - 17*p - o = 0. What is the greatest common divisor of 128 and p?
16
Suppose 9*z + 360 = -11*z. Let p be (-6)/9*3 + 4 - z. What is the greatest common factor of p and 140?
20
Suppose -2*i + 910 = 2*h, 0 = -h - 5*i + 2*i + 461. Let s = h + -252. Let t = -84 + 164. Calculate the greatest common factor of s and t.
40
Let f be 5/(-3) - 3/9 - -8. Suppose 18 = -0*h + f*h. Let d(y) = 3*y - 27. Let c be d(10). Calculate the highest common divisor of h and c.
3
Let k(v) = 32*v + 163. Let m be k(-5). Let o(f) = 187*f + 239. Let x be o(m). What is the greatest common divisor of 50 and x?
50
Let r be 6/(-63)*-8273 - 16/(-168). Calculate the highest common factor of r and 1379.
197
Let u be 183/12 + (5/20)/(-1). Let a be (9/6)/((-4)/(-3*24)). Calculate the highest common divisor of u and a.
3
Let k be -2 - 7/(-4) - 205468/(-496). Calculate the highest common divisor of 46 and k.
46
Let u(k) be the third derivative of -k**5/30 - 13*k**4/24 - 5*k**3/3 + 11*k**2. Let p be u(-6). Let g = p + 13. What is the greatest common factor of 12 and g?
3
Suppose 6*g - 11*g - 405 = 0. Let q = 161 + g. What is the highest c